 what is 5713 - 5?
5709
In base 3, what is -12122020 - 21002?
-12220022
In base 10, what is 10 - 44401?
-44391
In base 4, what is 10 - -12202011?
12202021
In base 11, what is -8442 + 20?
-8422
In base 3, what is -10101 - 2101?
-12202
In base 13, what is -26c5 + 3?
-26c2
In base 8, what is 4 - 531736?
-531732
In base 7, what is -142353 + -11?
-142364
In base 12, what is 4 - -154b5?
154b9
In base 7, what is 0 + 445261?
445261
In base 4, what is 2002 + -102131?
-100123
In base 7, what is -33632 - -3?
-33626
In base 5, what is 302320223 - -2?
302320230
In base 10, what is -130 + 6597?
6467
In base 6, what is 3 + 2201301?
2201304
In base 6, what is -5 - -12154?
12145
In base 15, what is 7 + 28a91?
28a98
In base 6, what is -31 + -1425?
-1500
In base 15, what is -35 - -161?
12b
In base 5, what is 2032220443 + 3?
2032221001
In base 6, what is 411551 - 24?
411523
In base 10, what is -681 - 2662?
-3343
In base 12, what is -207 + -30?
-237
In base 3, what is 12000112210 - 12?
12000112121
In base 4, what is 11 - -311030?
311101
In base 13, what is -251 + 134c?
10cb
In base 3, what is 120202002 - 2?
120202000
In base 7, what is 4415 - -1?
4416
In base 12, what is 6a - -15?
83
In base 2, what is -1100101010001 - 10010111?
-1100111101000
In base 12, what is 0 + -a0b8?
-a0b8
In base 11, what is a22 - -15?
a37
In base 3, what is 12121212000200 - -1?
12121212000201
In base 16, what is -124c3 - -e?
-124b5
In base 8, what is 13747 - 152?
13575
In base 4, what is -10 + 10133123?
10133113
In base 6, what is 5 - -4343342?
4343351
In base 5, what is 12 + -1402422?
-1402410
In base 9, what is 11144 - 8?
11135
In base 4, what is 2 - 313002012?
-313002010
In base 9, what is 334315 + -2?
334313
In base 13, what is 38a9ca + 1?
38a9cb
In base 7, what is -24150204 - -2?
-24150202
In base 5, what is 21002244 + 142?
21002441
In base 15, what is -a573 + 1?
-a572
In base 8, what is -513 - 1?
-514
In base 8, what is 3 + 2413004?
2413007
In base 6, what is -50544252 - -3?
-50544245
In base 7, what is 13435 + 1?
13436
In base 2, what is 11 + 100010100111000?
100010100111011
In base 2, what is -11 - 111001111001101001?
-111001111001101100
In base 14, what is -28d4aa + -2?
-28d4ac
In base 11, what is -2 + -25?
-27
In base 12, what is -5a37 - 5?
-5a40
In base 11, what is 5 - -3800?
3805
In base 6, what is -1512520 + -1?
-1512521
In base 5, what is -441 + 21320?
20324
In base 3, what is 12202012202221 + 1?
12202012202222
In base 10, what is 11 + -581289?
-581278
In base 4, what is 10 + 23212?
23222
In base 9, what is -5 + 82535?
82530
In base 15, what is -270a - 1?
-270b
In base 15, what is 1051 - -6?
1057
In base 8, what is 323174 - 1?
323173
In base 16, what is -1 - 8308d?
-8308e
In base 16, what is -119f + 19c?
-1003
In base 6, what is 5 - -3320240?
3320245
In base 14, what is -4043 + 4?
-403d
In base 3, what is 1 - 1001021111?
-1001021110
In base 3, what is -12 - 2212100220011?
-2212100220100
In base 6, what is 151523 - 4?
151515
In base 11, what is -1 + -65227?
-65228
In base 10, what is 448 + 97?
545
In base 15, what is 53 + 2c63?
2cb6
In base 11, what is -1 - -630457?
630456
In base 2, what is -1100100000 + -10000011011?
-11100111011
In base 5, what is -2 - 132020232?
-132020234
In base 15, what is 21 + -936?
-915
In base 3, what is -1112020 + 110200?
-1001120
In base 7, what is 155215 + 1?
155216
In base 4, what is 0 + -131121200?
-131121200
In base 4, what is 1 + -20310011?
-20310010
In base 15, what is 33a69 - 0?
33a69
In base 16, what is -cf8c2 - 2?
-cf8c4
In base 3, what is -1120022 - -20122?
-1022200
In base 3, what is -111011 - -22210?
-11101
In base 9, what is -2 + 707601?
707588
In base 6, what is 2 + 44120244?
44120250
In base 14, what is -aad - 13?
-ac2
In base 5, what is -1 + 30201?
30200
In base 11, what is -1 + 48711?
48710
In base 16, what is -969f + -e?
-96ad
In base 8, what is -571 + 130?
-441
In base 4, what is -12212303101 + -10?
-12212303111
In base 14, what is 37db7 + -5?
37db2
In base 4, what is 2 + 311200032?
311200100
In base 2, what is 11011 - -110100010110010?
110100011001101
In base 14, what is -2c6c - a2?
-2d30
In base 4, what is -2 + -21223?
-21231
In base 7, what is -3401 - -14313?
10612
In base 12, what is b1a17 - 13?
b1a04
In base 7, what is 56 + 166630?
200016
In base 3, what is -11 + -10111010?
-10111021
In base 4, what is 222022112 + 1?
222022113
In base 4, what is 12210 + -1110122?
-1031312
In base 6, what is 154 + 410?
1004
In base 5, what is 3 + -4424444?
-4424441
In base 3, what is 12 - 2022121210101?
-2022121210012
In base 14, what is -ab33 - -8?
-ab29
In base 9, what is 261 + 15?
276
In base 10, what is 1024 + 41?
1065
In base 2, what is 101011011110110111 + 1?
101011011110111000
In base 15, what is -cd16e + -4?
-cd173
In base 8, what is -1 + 52733?
52732
In base 6, what is 512 - -51350?
52302
In base 2, what is 10 + 10000011000101?
10000011000111
In base 3, what is 1002002 + -11210?
220022
In base 13, what is 13173 + 0?
13173
In base 13, what is -4 + -1c6225?
-1c6229
In base 12, what is -177ba6 + -4?
-177baa
In base 4, what is 3 + 1310102210?
1310102213
In base 13, what is 3b463 - -14?
3b477
In base 9, what is 1682127 + 3?
1682131
In base 10, what is -2 + -249591?
-249593
In base 14, what is 7c - -54cd?
556b
In base 2, what is 100011101010001 + -100?
100011101001101
In base 10, what is -50477 + 3?
-50474
In base 3, what is 122021201 + -11?
122021120
In base 14, what is 34 - -adc?
b32
In base 5, what is 10111433 - -31?
10112014
In base 8, what is -103200 - 5?
-103205
In base 8, what is 1524001 + 1?
1524002
In base 8, what is -32 + -43401?
-43433
In base 14, what is 216c - 2?
216a
In base 6, what is 543 + 1105?
2052
In base 5, what is 242 + -21042?
-20300
In base 3, what is 1001 + 1100001?
1101002
In base 2, what is 100 - 1100100101101010?
-1100100101100110
In base 5, what is -2340 - -40301?
32411
In base 10, what is 29 - 2604?
-2575
In base 5, what is 142 - 43?
44
In base 12, what is 6 + -1356?
-1350
In base 9, what is -13778778 - 5?
-13778784
In base 3, what is 12 - 1222210022120?
-1222210022101
In base 9, what is 17 - 457?
-440
In base 6, what is 21123 - -1005?
22132
In base 4, what is -11 + 1230232?
1230221
In base 6, what is 2 - -410541?
410543
In base 14, what is 7c46 - -4?
7c4a
In base 15, what is aa7 + 3?
aaa
In base 10, what is -877 - 6756?
-7633
In base 9, what is 602 - 33?
558
In base 3, what is 1010100211 + -202?
1010100002
In base 16, what is 22b - 4105?
-3eda
In base 2, what is 100101101011101110 - 11?
100101101011101011
In base 11, what is -87600 + 0?
-87600
In base 9, what is 4 + 23626?
23631
In base 9, what is -5 + 220834?
220828
In base 6, what is -4 + -220154?
-220202
In base 10, what is 0 + -8236?
-8236
In base 7, what is -15412 + -142?
-15554
In base 7, what is -11125 + -140?
-11265
In base 15, what is -3 - -35db?
35d8
In base 11, what is 5a96 + -9?
5a88
In base 4, what is -201021 + 210?
-200211
In base 14, what is 2a2b8 + 5?
2a2bd
In base 9, what is -3450 + 156?
-3283
In base 14, what is -9ab - 17?
-9c4
In base 13, what is -71319 + 5?
-71314
In base 12, what is 14 - -1b3b?
1b53
In base 7, what is 564164 - 0?
564164
In base 7, what is 143653 - -214?
144200
In base 14, what is 100 - -7a5?
8a5
In base 16, what is 3 - -2805?
2808
In base 10, what is -3207 - -182?
-3025
In base 10, what is 1796154 + -4?
1796150
In base 2, what is -11010010101111010 + 101?
-11010010101110101
In base 8, what is 23775 - -4?
24001
In base 5, what is 1121424 - 12?
1121412
In base 16, what is -60de - 4?
-60e2
In base 14, what is -13 + 947?
934
In base 5, what is 24200 + -233?
23412
In base 11, what is 196 - -259?
444
In base 2, what is 1 - 11010001000000?
-11010000111111
In base 3, what is 211 - 2021121?
-2020210
In base 14, what is -135 - 1c31?
-1d66
In base 15, what is 2 + 526a?
526c
In base 11, what is 221463 + -5?
221459
In base 11, what is -2 + -9154a?
-91551
In base 16, what is -4 - 74770?
-74774
In base 13, what is 5b128 - -2?
5b12a
In base 2, what is 111101111 - 10010100100?
-1010110101
In base 10, what is 0 + 418888?
418888
In base 13, what is -5a37 - 2?
-5a39
In base 5, what is 0 + -2113313?
-2113313
In base 8, what is 2 + -66552?
-66550
In base 5, what is 20 - -14014?
14034
In base 3, what is -2 + -20110101212?
-20110101221
In b